{"id":21,"date":"2022-04-10T13:17:33","date_gmt":"2022-04-10T11:17:33","guid":{"rendered":"http:\/\/aktivmusicpointbochum.de\/index.php\/impressum\/"},"modified":"2022-05-08T08:49:13","modified_gmt":"2022-05-08T06:49:13","slug":"impressum","status":"publish","type":"page","link":"https:\/\/aktivmusicpointbochum.de\/index.php\/impressum\/","title":{"rendered":"Impressum"},"content":{"rendered":"<p><strong><span dir=\"ltr\" role=\"presentation\">WEBSEITENBETREIBER<\/span><\/strong><br role=\"presentation\" \/><span dir=\"ltr\" role=\"presentation\">Christoph Reinmuth<\/span><\/p>\n<p><br role=\"presentation\" \/><strong><span dir=\"ltr\" role=\"presentation\">INFORMATIONEN \u00dcBER DAS UNTERNEHMEN<\/span><\/strong><br role=\"presentation\" \/><span dir=\"ltr\" role=\"presentation\">Gesellschaft mit beschr\u00e4nkter Haftung (GmbH)<\/span><br role=\"presentation\" \/><span dir=\"ltr\" role=\"presentation\">City-Passage<\/span> <span dir=\"ltr\" role=\"presentation\">Kortumstr. 97<\/span><br role=\"presentation\" \/><span dir=\"ltr\" role=\"presentation\">44787 Bochum<\/span><br role=\"presentation\" \/><span dir=\"ltr\" role=\"presentation\">Psyfactor35@aol.com<\/span><br role=\"presentation\" \/><span dir=\"ltr\" role=\"presentation\">0234 14430<\/span><\/p>\n<p><br role=\"presentation\" \/><strong><span dir=\"ltr\" role=\"presentation\">INFORMATIONEN \u00dcBER DIE UNTERNEHMENSREGISTRIERUNG<\/span><\/strong><br role=\"presentation\" \/><span dir=\"ltr\" role=\"presentation\">DE813364706<\/span><br role=\"presentation\" \/><span dir=\"ltr\" role=\"presentation\">HRB 7216<\/span><br role=\"presentation\" \/><span dir=\"ltr\" role=\"presentation\">Bochum<\/span><\/p>\n<p><br role=\"presentation\" \/><span dir=\"ltr\" role=\"presentation\"><strong>Informationen zur Online-Streitbeilegung<\/strong> <\/span><\/p>\n<p><span dir=\"ltr\" role=\"presentation\">Die EU-Kommission hat eine<\/span><br role=\"presentation\" \/><span dir=\"ltr\" role=\"presentation\">Internetplattform zur Online-Beilegung von Streitigkeiten (sog. \u201eOS-<\/span><br role=\"presentation\" \/><span dir=\"ltr\" role=\"presentation\">Plattform\u201c) geschaffen. Die OS-Plattform dient als Anlaufstelle zur<\/span><br role=\"presentation\" \/><span dir=\"ltr\" role=\"presentation\">au\u00dfergerichtlichen Beilegung von Streitigkeiten betreffend vertragliche<\/span><br role=\"presentation\" \/><span dir=\"ltr\" role=\"presentation\">Verpflichtungen, die aus Online-Kaufvertr\u00e4gen erwachsen. Sie k\u00f6nnen<\/span><br role=\"presentation\" \/><span dir=\"ltr\" role=\"presentation\">die OS-Plattform unter dem folgenden Link erreichen:<\/span><br role=\"presentation\" \/><span dir=\"ltr\" role=\"presentation\">http:\/\/ec.euopa.eu\/consumers\/odr \u201eHinweis gem\u00e4\u00df \u00a7 36<\/span><br role=\"presentation\" \/><span dir=\"ltr\" role=\"presentation\">Verbraucherstreitbeilegungsgesetz (VSBG).<\/span><\/p>\n\n\n<p><\/p>\n","protected":false},"excerpt":{"rendered":"<p>WEBSEITENBETREIBERChristoph Reinmuth INFORMATIONEN \u00dcBER DAS UNTERNEHMENGesellschaft mit beschr\u00e4nkter Haftung (GmbH)City-Passage Kortumstr. 9744787 BochumPsyfactor35@aol.com0234 14430 INFORMATIONEN \u00dcBER DIE UNTERNEHMENSREGISTRIERUNGDE813364706HRB 7216Bochum Informationen zur Online-Streitbeilegung Die EU-Kommission hat eineInternetplattform zur Online-Beilegung von Streitigkeiten (sog. \u201eOS-Plattform\u201c) geschaffen. Die OS-Plattform dient als Anlaufstelle zurau\u00dfergerichtlichen Beilegung von Streitigkeiten betreffend vertraglicheVerpflichtungen, die aus Online-Kaufvertr\u00e4gen erwachsen. Sie k\u00f6nnendie OS-Plattform unter dem folgenden Link &hellip;<\/p>\n<p class=\"read-more\"> <a class=\"\" href=\"https:\/\/aktivmusicpointbochum.de\/index.php\/impressum\/\"> <span class=\"screen-reader-text\">Impressum<\/span> Weiterlesen &raquo;<\/a><\/p>\n","protected":false},"author":1,"featured_media":0,"parent":0,"menu_order":0,"comment_status":"closed","ping_status":"closed","template":"","meta":{"site-sidebar-layout":"default","site-content-layout":"default","ast-global-header-display":"","ast-main-header-display":"","ast-hfb-above-header-display":"","ast-hfb-below-header-display":"","ast-hfb-mobile-header-display":"","site-post-title":"","ast-breadcrumbs-content":"","ast-featured-img":"","footer-sml-layout":"","theme-transparent-header-meta":"","adv-header-id-meta":"","stick-header-meta":"","header-above-stick-meta":"","header-main-stick-meta":"","header-below-stick-meta":""},"_links":{"self":[{"href":"https:\/\/aktivmusicpointbochum.de\/index.php\/wp-json\/wp\/v2\/pages\/21"}],"collection":[{"href":"https:\/\/aktivmusicpointbochum.de\/index.php\/wp-json\/wp\/v2\/pages"}],"about":[{"href":"https:\/\/aktivmusicpointbochum.de\/index.php\/wp-json\/wp\/v2\/types\/page"}],"author":[{"embeddable":true,"href":"https:\/\/aktivmusicpointbochum.de\/index.php\/wp-json\/wp\/v2\/users\/1"}],"replies":[{"embeddable":true,"href":"https:\/\/aktivmusicpointbochum.de\/index.php\/wp-json\/wp\/v2\/comments?post=21"}],"version-history":[{"count":4,"href":"https:\/\/aktivmusicpointbochum.de\/index.php\/wp-json\/wp\/v2\/pages\/21\/revisions"}],"predecessor-version":[{"id":53,"href":"https:\/\/aktivmusicpointbochum.de\/index.php\/wp-json\/wp\/v2\/pages\/21\/revisions\/53"}],"wp:attachment":[{"href":"https:\/\/aktivmusicpointbochum.de\/index.php\/wp-json\/wp\/v2\/media?parent=21"}],"curies":[{"name":"wp","href":"https:\/\/api.w.org\/{rel}","templated":true}]}}